 a factor of z(3)?
False
Let h be 63 - 1 - (3 - 4). Let m = h + -16. Is m a multiple of 12?
False
Let i be 2 + (-6)/3 + 3. Is (-8 + i - -3)*-10 a multiple of 10?
True
Suppose 2*h = 6*h. Suppose h*a + 35 = 5*a. Let j = a - 1. Is j a multiple of 3?
True
Suppose -5*c + 10*c = 135. Let a = 57 - c. Is a a multiple of 15?
True
Let y be 6/10 + 135/25. Suppose 3*t - y*t + 47 = -4*j, -j + 24 = 2*t. Is t a multiple of 13?
True
Let x = -48 + 81. Does 33 divide x?
True
Let p(u) = u**3 + 30. Let r be p(0). Suppose 9 = -3*f + 3*g + r, g + 4 = 0. Suppose -5 = f*s - 4*s. Is 2 a factor of s?
False
Is -2*1/((-2)/61) a multiple of 19?
False
Let x(f) = -80*f**3 + f + 1. Does 20 divide x(-1)?
True
Suppose -10*y + y = -1584. Is y a multiple of 16?
True
Let c be (8/(-6))/((-4)/6). Suppose c*k + 10 = 7*k. Suppose -2*o - 17 = -k*p + 1, 0 = -2*p - 3*o + 43. Is 14 a factor of p?
True
Let o(f) = 6*f + 6*f + f**2 - f + 16. Let g be (66/(-9))/((-6)/(-9)). Does 16 divide o(g)?
True
Is 9 a factor of -1 - (-2 + (6 - 2) + -26)?
False
Suppose -4*w - 170 = -5*o, o - 35 + 1 = w. Suppose 5*v = -14 + o. Suppose 39 = v*t + m, 2*m = 2 - 4. Is t a multiple of 8?
False
Suppose 3*b - 504 = -b. Suppose -4*l - b = -2*f, 0 - 2 = -l. Suppose 2*j = -5*k + f, 0 = -3*j + 2*j + 1. Is k a multiple of 13?
True
Let w be 4/(-10)*(-10 - 0). Let c be ((-10)/(-8))/(w/16). Suppose 2*g + 102 = c*g. Is 18 a factor of g?
False
Suppose 0 = -2*t + 6*t - 376. Is t a multiple of 11?
False
Suppose 9 - 11 = -d. Suppose -3*w - 4*v + 80 = 0, 3*w - 5*v = d + 114. Does 7 divide w?
False
Suppose 22 = 2*z + 2*m, 3 = -2*z - 3*m + 30. Let j(d) = -d**3 + 5*d**2 + 7*d + 5. Does 11 divide j(z)?
True
Let u(i) = -i + 7. Let w be u(6). Let m = w + -3. Is 8 a factor of m/3 + (-32)/(-3)?
False
Let p(x) = 2*x - 14. Let l be p(8). Suppose -q + s + 14 = -s, l*q = -5*s + 19. Is q a multiple of 6?
True
Let x = 29 + 19. Let b = x - 28. Does 10 divide b?
True
Suppose 0*l = 2*m + 3*l - 32, 5*m = -2*l + 69. Does 13 divide m?
True
Let o be -4*((-6)/4 + 1). Suppose 2*w + o*r = 5*w - 39, 52 = 4*w - 4*r. Is 8 a factor of w?
False
Let s = 62 - 112. Does 30 divide (0 - 6)/(5/s)?
True
Let h = -143 + 449. Is h a multiple of 33?
False
Suppose -23 = 3*l + 43. Let d = l - -31. Does 3 divide d?
True
Suppose -3*z + 3 = -3. Suppose -4*y = -6*y + 176. Suppose -z*v + 22 = o, -v = 4*o - 6*v - y. Is 9 a factor of o?
False
Suppose 4 = -v - 4*h, v - h = -4 - 0. Let x = v + 11. Is x even?
False
Suppose -v + 4*s = -4*v + 2, 5*v - 14 = 4*s. Let x be 5 + 1 + -1 + v. Suppose -4*i + 25 = -x. Is 3 a factor of i?
False
Let a be ((-1)/4)/(5/(-3460)). Suppose -m + 3*m = -4*w + 106, w = 3*m - a. Is 19 a factor of m?
True
Let b = 112 + -53. Let f = 33 - b. Does 13 divide f/(-2*3/6)?
True
Let v = 23 - 20. Suppose 5*j = 4*i - 94, 0 = v*i - 8*i + 3*j + 111. Is 4 a factor of i?
False
Suppose 55 = 2*y - 113. Is y a multiple of 29?
False
Let s = 87 - 43. Let t = 57 + -33. Let f = s - t. Is f a multiple of 13?
False
Suppose -4*u = -52 - 56. Is u a multiple of 7?
False
Suppose -3*i + 2*q + 8 = -i, 5*i - 4*q - 22 = 0. Suppose 3*h = -u + 53, u + 315 = i*u + 5*h. Suppose -2*n + 38 = -0*n + s, 4*s + u = 3*n. Is 10 a factor of n?
True
Suppose -35*w + 37*w = 276. Is w a multiple of 29?
False
Let w be -1*2*(-78)/(-6). Let x = w + 16. Does 6 divide (16/5)/((-4)/x)?
False
Let p be (-3)/2*8/(-12). Let t be -1 + 3 + p*-21. Let c = t - -32. Is c a multiple of 9?
False
Suppose 3*j + 2*p - 12 = 0, -3*j - 4*p = -17 + 5. Suppose j*f = -5*r + 25, 13 + 12 = 5*r + 2*f. Let y = r - -8. Is y a multiple of 11?
False
Suppose -3*r = -70 - 95. Does 11 divide r?
True
Let x(y) = 45*y + 1. Suppose -l + 3 = 2*l. Does 13 divide x(l)?
False
Suppose -5*d + 9 = -2*d. Suppose d*m - 15 = 2*m. Is 6 a factor of m?
False
Suppose 5*s - 5*u = -u - 107, 0 = -3*u + 9. Let l = s + 24. Is 5 a factor of l?
True
Suppose -1 + 145 = 3*m. Is m a multiple of 12?
True
Suppose -6*f + 36 = -3*f. Let b be (-1)/((-4)/(-12)) - -5. Suppose y = -3*m + f + 17, -4*m = b*y - 52. Is 14 a factor of y?
False
Let g(l) = 127*l**3 - 2*l**2 + 2*l - 1. Is 21 a factor of g(1)?
True
Let t(d) = d**3 + 4*d**2 + d - 3. Let m be t(-3). Let j = m + 24. Is j a multiple of 9?
True
Let r(p) be the first derivative of p**3 + p - 2. Let n be r(1). Let v = n - -1. Is v a multiple of 5?
True
Suppose 11*u = -5*u + 5472. Does 57 divide u?
True
Let x(j) = -2*j + 60. Let y(t) = 3*t - 61. Let l(u) = 4*x(u) + 3*y(u). Let k be l(0). Suppose -2*c = -5*c + k. Is c a multiple of 14?
False
Let h = -28 - -80. Does 13 divide h?
True
Let t = -7 - -63. Does 14 divide t?
True
Let p(o) = 2*o**3 - 3*o**2 + o - 2. Let l be p(2). Suppose -l*v = -m + 46, 0*m + 34 = m - v. Suppose 7*k = 2*k + m. Is k a multiple of 4?
False
Let s be 7 + 1*(-4 - -2). Suppose 4*u = -3*r + 44, s*u - 10 = -r + 23. Suppose -r*a + 10*a - 42 = 0. Is 15 a factor of a?
False
Let q = 52 + -28. Is q a multiple of 5?
False
Suppose -4*u = -3*u - 35. Is 10 a factor of u?
False
Suppose 0 = 2*i + 95 - 425. Does 33 divide i?
True
Let o = 24 - 51. Let m = o + 46. Is 19 a factor of m?
True
Let k(p) = -p**3 - 6*p**2 - 3*p + 3. Is 13 a factor of k(-8)?
False
Let j be 3/5 - 6/10. Suppose 3*h - 19 - 29 = j. Is 8 a factor of h?
True
Let w be 16/(-10) - 8/20. Is 5 a factor of w*(-1 + 36/(-3))?
False
Let t = -6 - -8. Suppose -4*l = -c + 2, 3 = -2*c + 3*l - t*l. Does 13 divide 26 + 2 + 1*c?
True
Suppose d = 5*d - 4. Let c be d - 1 - 84/(-4). Let y = 35 - c. Does 8 divide y?
False
Let c = 209 + -71. Suppose 5*o + 58 = 3*i - 42, -4*i + 2*o = -c. Is 19 a factor of i?
False
Let m(n) = n + 14. Is m(-10) even?
True
Suppose 0 = 5*d - 0*d - 2*s - 144, s = -5*d + 153. Suppose -5*v + 174 = -m, 3*v - 2*v + m - d = 0. Does 17 divide v?
True
Let f = -9 + 15. Suppose -2*c + s = 124, 80 = -c - s + f*s. Does 8 divide c/(-8) + (-1)/(-2)?
True
Suppose -2*a - 2*v = -48, 3*a - 30 = -v + 34. Is -2*(a/(-8) + -2) a multiple of 3?
True
Let s(c) = 7*c + 2. Let f be s(-5). Let n = -23 - f. Is 4 a factor of n?
False
Let n be 2/(2/(-1)) + -3. Let p be 25 - (-3 - 0 - n). Suppose 0 = -f + p - 9. Is 5 a factor of f?
True
Let o be 1*-2 + 9 + 3. Let z be 1/5 - (-58)/o. Suppose z*i - 2*i = 84. Is i a multiple of 13?
False
Suppose 2 = -3*i + 8. Let x = i - -25. Is 19 a factor of x?
False
Let t = 13 + 4. Let l = 31 - t. Is l a multiple of 7?
True
Let l(m) be the second derivative of m**4/4 - 2*m**3/3 + 9*m**2/2 - 3*m. Does 16 divide l(5)?
True
Is (6*-2)/(-5*(-10)/(-275)) a multiple of 11?
True
Let m be (0/4)/(3/1). Suppose -1 - 15 = -j - 2*o, -4*j = -5*o - 25. Suppose -6*a + a = -5*i - j, 5*a + 3*i - 42 = m. Does 6 divide a?
True
Let w = 2 + -3. Let q be (-1 + 3)*(-11)/w. Does 14 divide (-2 - (2 - q)) + -2?
False
Let g = 15 + 10. Does 8 divide g?
False
Is 12 a factor of ((-16)/1)/((-1)/3)?
True
Suppose -g - 2*s + 1 = 0, -s + 20 = 2*g - 3*s. Let c(v) = v**3 - 4*v**2 - 9*v - 7. Is c(g) a multiple of 20?
False
Suppose 0*p + 5*s = 2*p - 22, -3*p = 3*s - 12. Suppose -3*w - 30 = -p*w. Is 6 a factor of w?
False
Let u(z) be the second derivative of z**5/20 + z**4/12 - z**3/6 + 3*z**2 - z. Let b be -6 + 6 - 0/(-3). Is 5 a factor of u(b)?
False
Is ((-8)/(-12))/(96/45 - 2) a multiple of 4?
False
Suppose -34 - 38 = -3*g. Let n = g - 7. Is 17 a factor of n?
True
Let t = 244 + -146. Does 38 divide t?
False
Let j(k) be the second derivative of -k**4/4 - k**3/6 + 2*k. Let i be j(-1). Let b(z) = 6*z**2 + 2*z - 2. Is b(i) a multiple of 18?
True
Suppose -3*a = -2*o - 453, 584 = -a + 5*a + 4*o. Suppose -5*w - m + 5*m = -146, 0 = 5*w - m - a. Does 14 divide w?
False
Let b = 0 - -11. Suppose 2*k - 40 = -l - b, -3*k + 44 = l. Is k a multiple of 15?
True
Suppose 3*h = 4*s - s - 9, 2*h + 4 = 4*s. Let j be ((-8)/6)/((-2)/6). Does 12 divide (j/(-6))/(s/36)?
True
Let q be (-111)/(-6) - (-2)/(-4). Let f(v) = -v**2 - 3*v + 2. Let d be f(3). Let m = q - d. Does 17 divide m?
True
Let k = 7 - 5. Suppose 0 = k*g - 4*m + 12 + 2, 5*m = -g. Let x(t) = t**3 + 7*t**2 + 6*t + 4. Is x(g) a multiple of 13?
False
Suppose 0 = -4*w - 5*d + 92, -2*d - 72 = -2*w + 2*d. Let o = 22 + w. Does 25 divide o?
True
Let h be 3/(-3) + 4 + -2. Let p(u) = -4 + 3*u - 1 + h. Is 8 a factor of p(4)?
True
Let g be 46/(-4)*(-1 - 1). Suppose -i - 4 = -g. Is i a multiple of 9?
False
Suppose 2*f + 2 = 14. Does 4 divide